{"id":19,"date":"2017-09-28T08:27:33","date_gmt":"2017-09-28T06:27:33","guid":{"rendered":"http:\/\/www.stefanolanzardo.com\/com\/?page_id=19"},"modified":"2020-05-02T11:15:33","modified_gmt":"2020-05-02T09:15:33","slug":"about","status":"publish","type":"page","link":"https:\/\/www.stefanolanzardo.com\/com\/about\/","title":{"rendered":"About"},"content":{"rendered":"\n<p>Fotografo dal 1978, diventa professionista nel 1985, operando nei settori di moda, teatro, architettura, reportage di viaggio e sportivo, still life e beauty.<\/p>\n\n\n\n<p>Negli ultimi anni si \u00e8 dedicato prevalentemente al mondo dell&#8217;arte, realizzando numerose pubblicazioni e collaborando con artisti, tra i quali: Vanessa Beecroft, Paolo Fiorellini, John Isaacs, Sandro del Pistoia, Aidan Salakova, Giuliano Tomaino.<\/p>\n\n\n\n<p>Iscritto all&#8217;Ordine dei Giornalisti Pubblicisti dal 1987, ha collaborato con svariate riviste, in particolare nel settore nautico; per diversi anni ha lavorato (diventandone anche socio) per la casa editrice Glide Fx di Milano, per la quale ha curato la pubblicazione di articoli (testo e fotografie) sulle riviste \u201cInformare\u201d, \u201cProtagonist\u201d, \u201cQB\u201d e reportage di viaggio per \u201cMoving\u201d, house organ di \u201cEurope Assistance\u201d. Sempre nell\u2019ambito pubblicistico ha scritto alcune guide turistiche per la casa editrice Ulysse Mozzi, ed \u00e8 direttore responsabile del portale web di informazione e cultura \u201cIdranet\u201d.<\/p>\n\n\n\n<p>Ha prodotto numerosi lavori di documentazione foto e video riguardanti la realizzazione di grandi eventi artistici ed opere architettoniche, seguendo il progetto attraverso tutte le sue fasi.<br>Ha realizzato scenografie multimediali per gli spettacoli di danza.<br>Ha pubblicato numerosi libri fotografici, con una particolare attenzione per il mondo dell\u2019arte, architettura ed archeologia industriale.<\/p>\n\n\n\n<p>Al suo attivo ha diverse esposizioni personali e collettive, in Italia e all&#8217;estero.<br><br><\/p>\n\n\n\n<h5 class=\"wp-block-heading\">Pubblicazioni<\/h5>\n\n\n\n<p><strong>Aria <\/strong>Factory, ed. U\u00e9, 2020 | <strong>Houdini <\/strong>G. Tomaino, ed. U\u00e9, 2020 | <strong>Noisiamopoesia <\/strong>Amelie (catalogo), 2019 |<strong> In Perpetuum<\/strong> AAVV a cura di M. Sebastiani, Bandecchi &amp; Vivaldi, 2019 | <strong>Guida di Luni<\/strong> a cura di A. Coviello, Edizioni Giacch\u00e9, 2018 | <strong>Luce <\/strong>S. Lanzardo (catalogo), 2018 | <strong>T\u00ec<\/strong> S. Castellana, GD Edizioni, 2018 | <strong>Festival Fotografico Europeo <\/strong>AAVV, a cura di A.F.I., 2017 | <strong>Punctum <\/strong>G. Tomaino, ed. Gli Ori, 2016 | <strong>Carl Martin Hanses<\/strong> C.M. Hansen, Molvik Grafisk, Bergen, N, 1026 | <strong>The architecture of empathy<\/strong> J. Isaacs, ed. Infinity Press, 2014 | <strong>Agenda dell\u2019apicoltore<\/strong> AAVV, a cura del Consorzio di tutela miele della Lunigiana D.O.P., 2014 | <strong>Julia Landrichter<\/strong> J. Landrichter, Bandecchi &amp; Vivaldi, 2012 | <strong>Il cavaliere inesistente<\/strong> G. Tomaino, ed. Gli Ori, 2012 | <strong>Anci\u00f9e <\/strong>G. Tomaino, Calandra Arte Contemporanea, 2011 | <strong>Piazza Roma, 9<\/strong> C. Balsotti, 2011 | <strong>Ecce Homo<\/strong> P. Fiorellini, 2011 | <strong>La cultura del Micron<\/strong> S. Lanzardo, A. Viaggi, Edizioni Digit, 2011 | <strong>Stepping Stones<\/strong> Institutet for Scenkonst, Icarus Publishing Ent., 2010 | <strong>La vita chiama a gran voce<\/strong> D. Ragozzini, Cut-Up Edizioni, 2010 | <strong>Stelle ai piedi<\/strong> Momo, Bompiani Editore, 2009 | <strong>Nient\u2019altro che Scultura <\/strong>AA.VV., Silvana Editoriale, 2008 | <strong>Il Velo<\/strong> AA.VV., Silvana Editoriale, 2007 | <strong>Gli Scacchi di Aug<\/strong> A. di Bono, Silvana Editoriale, 2004 | <strong>Enrico Manera Scultore <\/strong>E. Manera, Ed. Alanda Arte Contemporanea, 2003 | <strong>Former f\u00f6r Liv och Teater<\/strong> C. Lagerstr\u00f6m, Gidlunds F\u00f6rlag, 2003 | <strong>Stenar att g\u00e5 p\u00e5<\/strong> Institutet for Scenkonst, Gidlunds F\u00f6rlag, 2003 | <strong>Danimarca<\/strong> S. Lanzardo (testi), Ulysse Moizzi Editore, 2002 | <strong>Diaris de N\u00e0ufrags<\/strong> AA.VV., Museu Arxiu Tom\u00e0s Balvey, 2002 | <strong>Impronta di un\u2019emozione<\/strong> R. Tagliazucchi, Ed. Seb 27, 2001 | <strong>Creta <\/strong>S. Lanzardo, Ulysse Moizzi Editore, 2000 | <strong>Storia Fotografica della Societ\u00e0 Italiana: 1989-1998<\/strong> AA.VV. Editori Riuniti, 2000 | <strong>Le ali del mare<\/strong> Carispe, 1999 | <strong>Pietre di Guado<\/strong> Institutet for Scenkonst, Casa Editrice Bandecchi &amp; Vivaldi, 1998 | <strong>\u00d8yeblikk <\/strong>Grenland Friteater, 1997 | <strong>Gesto Immobile<\/strong> E. Cha, Edizioni Palace Milano, 1997 | <strong>Ville storiche di Massa Carrara<\/strong> AA.VV., Casa Editrice Bandecchi &amp; Vivaldi, 1997 | <strong>Ettore Cha Scultore<\/strong> E. Cha, a cura del Comune di Montevarchi, 1996 | <strong>The Missing Link<\/strong> K. Nor\u00e8n, Stokholms Universitet, S, 1996 | <strong>Danza Immobile<\/strong> S. Lanzardo, ed. Aldus, 1995 | <strong>Territorio Tramonti<\/strong> AAVV., Casa Editrice Lunaria, 1993, | <strong>Le Radici del Viaggio<\/strong> AA.VV., a cura del Teatro Civico Spezzino, 1985.<\/p>\n\n\n\n<h5 class=\"wp-block-heading\">Fotografie pubblicate su riviste<\/h5>\n\n\n\n<p><strong><em>Italia<\/em><\/strong>: Aqua, Aria, Bell\u2019Europa, Casa Ambiente Territorio, Chi, Il Corriere della Sera, Fotonotiziario, Fotonotiziario Professionale, Gardenia, Il Giornale della Vela, Informare, International Stone Magazine, Linea Grafica, Moving, Nautica, La Nazione, Panorama, Polis, Power, Protagonist, QB, La Regione Liguria, La Repubblica, Il Secolo XIX, Sport Vela, Silouette Tecnologie Trasporti Mare, Terra del Fuoco, Yacht Capital, Yacht Digest, Zapping. <strong><em>Norvegia<\/em><\/strong>: A-magasinet, Cupido, Dag og Tid, Dagbladet, Darden, Fredrikstad Blad, KK, Norsk Teater Teknikk, PD, Ostlandets Blad, Spillerom, TA, UKS-Nytt. <strong><em>Australia<\/em><\/strong>: Il Globo, The Herald Magazine. <strong><em>Giappone<\/em><\/strong>: Kazi Sailmagazine. <strong><em>Francia<\/em><\/strong>: Marie Claire, Regate International. <strong><em>Svezia<\/em><\/strong>: Teater Tidningen. <strong><em>USA<\/em><\/strong>: New Theatre Quarterly, The Drama Review, The New York Times.<\/p>\n","protected":false},"excerpt":{"rendered":"<p>Fotografo dal 1978, diventa professionista nel 1985, operando nei settori di moda, teatro, architettura, reportage di viaggio e sportivo, still life e beauty. Negli ultimi anni si \u00e8 dedicato prevalentemente al mondo dell&#8217;arte, realizzando numerose pubblicazioni e collaborando con artisti, tra i quali: Vanessa Beecroft, Paolo Fiorellini, John Isaacs, Sandro del Pistoia, Aidan Salakova, Giuliano &hellip; <\/p>\n<p class=\"link-more\"><a href=\"https:\/\/www.stefanolanzardo.com\/com\/about\/\" class=\"more-link\">Leggi tutto<span class=\"screen-reader-text\"> &#8220;About&#8221;<\/span><\/a><\/p>\n","protected":false},"author":1,"featured_media":107,"parent":0,"menu_order":0,"comment_status":"closed","ping_status":"closed","template":"","meta":{"footnotes":""},"class_list":["post-19","page","type-page","status-publish","has-post-thumbnail","hentry"],"_links":{"self":[{"href":"https:\/\/www.stefanolanzardo.com\/com\/wp-json\/wp\/v2\/pages\/19"}],"collection":[{"href":"https:\/\/www.stefanolanzardo.com\/com\/wp-json\/wp\/v2\/pages"}],"about":[{"href":"https:\/\/www.stefanolanzardo.com\/com\/wp-json\/wp\/v2\/types\/page"}],"author":[{"embeddable":true,"href":"https:\/\/www.stefanolanzardo.com\/com\/wp-json\/wp\/v2\/users\/1"}],"replies":[{"embeddable":true,"href":"https:\/\/www.stefanolanzardo.com\/com\/wp-json\/wp\/v2\/comments?post=19"}],"version-history":[{"count":21,"href":"https:\/\/www.stefanolanzardo.com\/com\/wp-json\/wp\/v2\/pages\/19\/revisions"}],"predecessor-version":[{"id":1080,"href":"https:\/\/www.stefanolanzardo.com\/com\/wp-json\/wp\/v2\/pages\/19\/revisions\/1080"}],"wp:featuredmedia":[{"embeddable":true,"href":"https:\/\/www.stefanolanzardo.com\/com\/wp-json\/wp\/v2\/media\/107"}],"wp:attachment":[{"href":"https:\/\/www.stefanolanzardo.com\/com\/wp-json\/wp\/v2\/media?parent=19"}],"curies":[{"name":"wp","href":"https:\/\/api.w.org\/{rel}","templated":true}]}}

<p>Fotografo dal 1978, diventa professionista nel 1985, operando nei settori di moda, teatro, architettura, reportage di viaggio e sportivo, still life e beauty.</p>



<p>Negli ultimi anni si è dedicato prevalentemente al mondo dell&#8217;arte, realizzando numerose pubblicazioni e collaborando con artisti, tra i quali: Vanessa Beecroft, Paolo Fiorellini, John Isaacs, Sandro del Pistoia, Aidan Salakova, Giuliano Tomaino.</p>



<p>Iscritto all&#8217;Ordine dei Giornalisti Pubblicisti dal 1987, ha collaborato con svariate riviste, in particolare nel settore nautico; per diversi anni ha lavorato (diventandone anche socio) per la casa editrice Glide Fx di Milano, per la quale ha curato la pubblicazione di articoli (testo e fotografie) sulle riviste “Informare”, “Protagonist”, “QB” e reportage di viaggio per “Moving”, house organ di “Europe Assistance”. Sempre nell’ambito pubblicistico ha scritto alcune guide turistiche per la casa editrice Ulysse Mozzi, ed è direttore responsabile del portale web di informazione e cultura “Idranet”.</p>



<p>Ha prodotto numerosi lavori di documentazione foto e video riguardanti la realizzazione di grandi eventi artistici ed opere architettoniche, seguendo il progetto attraverso tutte le sue fasi.<br>Ha realizzato scenografie multimediali per gli spettacoli di danza.<br>Ha pubblicato numerosi libri fotografici, con una particolare attenzione per il mondo dell’arte, architettura ed archeologia industriale.</p>



<p>Al suo attivo ha diverse esposizioni personali e collettive, in Italia e all&#8217;estero.<br><br></p>



<h5 class="wp-block-heading">Pubblicazioni</h5>



<p><strong>Aria </strong>Factory, ed. Ué, 2020 | <strong>Houdini </strong>G. Tomaino, ed. Ué, 2020 | <strong>Noisiamopoesia </strong>Amelie (catalogo), 2019 |<strong> In Perpetuum</strong> AAVV a cura di M. Sebastiani, Bandecchi &amp; Vivaldi, 2019 | <strong>Guida di Luni</strong> a cura di A. Coviello, Edizioni Giacché, 2018 | <strong>Luce </strong>S. Lanzardo (catalogo), 2018 | <strong>Tì</strong> S. Castellana, GD Edizioni, 2018 | <strong>Festival Fotografico Europeo </strong>AAVV, a cura di A.F.I., 2017 | <strong>Punctum </strong>G. Tomaino, ed. Gli Ori, 2016 | <strong>Carl Martin Hanses</strong> C.M. Hansen, Molvik Grafisk, Bergen, N, 1026 | <strong>The architecture of empathy</strong> J. Isaacs, ed. Infinity Press, 2014 | <strong>Agenda dell’apicoltore</strong> AAVV, a cura del Consorzio di tutela miele della Lunigiana D.O.P., 2014 | <strong>Julia Landrichter</strong> J. Landrichter, Bandecchi &amp; Vivaldi, 2012 | <strong>Il cavaliere inesistente</strong> G. Tomaino, ed. Gli Ori, 2012 | <strong>Anciùe </strong>G. Tomaino, Calandra Arte Contemporanea, 2011 | <strong>Piazza Roma, 9</strong> C. Balsotti, 2011 | <strong>Ecce Homo</strong> P. Fiorellini, 2011 | <strong>La cultura del Micron</strong> S. Lanzardo, A. Viaggi, Edizioni Digit, 2011 | <strong>Stepping Stones</strong> Institutet for Scenkonst, Icarus Publishing Ent., 2010 | <strong>La vita chiama a gran voce</strong> D. Ragozzini, Cut-Up Edizioni, 2010 | <strong>Stelle ai piedi</strong> Momo, Bompiani Editore, 2009 | <strong>Nient’altro che Scultura </strong>AA.VV., Silvana Editoriale, 2008 | <strong>Il Velo</strong> AA.VV., Silvana Editoriale, 2007 | <strong>Gli Scacchi di Aug</strong> A. di Bono, Silvana Editoriale, 2004 | <strong>Enrico Manera Scultore </strong>E. Manera, Ed. Alanda Arte Contemporanea, 2003 | <strong>Former för Liv och Teater</strong> C. Lagerström, Gidlunds Förlag, 2003 | <strong>Stenar att gå på</strong> Institutet for Scenkonst, Gidlunds Förlag, 2003 | <strong>Danimarca</strong> S. Lanzardo (testi), Ulysse Moizzi Editore, 2002 | <strong>Diaris de Nàufrags</strong> AA.VV., Museu Arxiu Tomàs Balvey, 2002 | <strong>Impronta di un’emozione</strong> R. Tagliazucchi, Ed. Seb 27, 2001 | <strong>Creta </strong>S. Lanzardo, Ulysse Moizzi Editore, 2000 | <strong>Storia Fotografica della Società Italiana: 1989-1998</strong> AA.VV. Editori Riuniti, 2000 | <strong>Le ali del mare</strong> Carispe, 1999 | <strong>Pietre di Guado</strong> Institutet for Scenkonst, Casa Editrice Bandecchi &amp; Vivaldi, 1998 | <strong>Øyeblikk </strong>Grenland Friteater, 1997 | <strong>Gesto Immobile</strong> E. Cha, Edizioni Palace Milano, 1997 | <strong>Ville storiche di Massa Carrara</strong> AA.VV., Casa Editrice Bandecchi &amp; Vivaldi, 1997 | <strong>Ettore Cha Scultore</strong> E. Cha, a cura del Comune di Montevarchi, 1996 | <strong>The Missing Link</strong> K. Norèn, Stokholms Universitet, S, 1996 | <strong>Danza Immobile</strong> S. Lanzardo, ed. Aldus, 1995 | <strong>Territorio Tramonti</strong> AAVV., Casa Editrice Lunaria, 1993, | <strong>Le Radici del Viaggio</strong> AA.VV., a cura del Teatro Civico Spezzino, 1985.</p>



<h5 class="wp-block-heading">Fotografie pubblicate su riviste</h5>



<p><strong><em>Italia</em></strong>: Aqua, Aria, Bell’Europa, Casa Ambiente Territorio, Chi, Il Corriere della Sera, Fotonotiziario, Fotonotiziario Professionale, Gardenia, Il Giornale della Vela, Informare, International Stone Magazine, Linea Grafica, Moving, Nautica, La Nazione, Panorama, Polis, Power, Protagonist, QB, La Regione Liguria, La Repubblica, Il Secolo XIX, Sport Vela, Silouette Tecnologie Trasporti Mare, Terra del Fuoco, Yacht Capital, Yacht Digest, Zapping. <strong><em>Norvegia</em></strong>: A-magasinet, Cupido, Dag og Tid, Dagbladet, Darden, Fredrikstad Blad, KK, Norsk Teater Teknikk, PD, Ostlandets Blad, Spillerom, TA, UKS-Nytt. <strong><em>Australia</em></strong>: Il Globo, The Herald Magazine. <strong><em>Giappone</em></strong>: Kazi Sailmagazine. <strong><em>Francia</em></strong>: Marie Claire, Regate International. <strong><em>Svezia</em></strong>: Teater Tidningen. <strong><em>USA</em></strong>: New Theatre Quarterly, The Drama Review, The New York Times.</p>

<p>Fotografo dal 1978, diventa professionista nel 1985, operando nei settori di moda, teatro, architettura, reportage di viaggio e sportivo, still life e beauty. Negli ultimi anni si è dedicato prevalentemente al mondo dell&#8217;arte, realizzando numerose pubblicazioni e collaborando con artisti, tra i quali: Vanessa Beecroft, Paolo Fiorellini, John Isaacs, Sandro del Pistoia, Aidan Salakova, Giuliano &hellip; </p>
<p class="link-more"><a href="https://www.stefanolanzardo.com/com/about/" class="more-link">Leggi tutto<span class="screen-reader-text"> &#8220;About&#8221;</span></a></p>
